{"id":1747,"date":"2021-07-04T14:43:07","date_gmt":"2021-07-04T14:43:07","guid":{"rendered":"https:\/\/www.batchlab.de\/?page_id=1747"},"modified":"2021-07-04T22:07:15","modified_gmt":"2021-07-04T22:07:15","slug":"mdr-produktspezifische-geschaeftsbedingungen-ergaenzend","status":"publish","type":"page","link":"https:\/\/www.batchlab.de\/?page_id=1747","title":{"rendered":"&nbsp;&nbsp;&nbsp;&nbsp;MDR | Produktspezifische Gesch\u00e4ftsbedingungen (erg\u00e4nzend)"},"content":{"rendered":"<p>[vc_row][vc_column width=&#8221;1\/12&#8243;][\/vc_column][vc_column width=&#8221;1\/4&#8243;][vc_column_text]<\/p>\n<p style=\"text-align: right;\"><span style=\"color: #80b61a;\"><span style=\"color: #999999;\"><a style=\"color: #999999;\" href=\"https:\/\/www.batchlab.de\/?page_id=1436\">Allgemeine Gesch\u00e4ftsbedingungen |<\/a><\/span><br \/>\n<\/span><\/p>\n<p style=\"text-align: right;\"><span style=\"color: #999999;\">Antivirus |<\/span><\/p>\n<p style=\"text-align: right;\"><span style=\"color: #999999;\">Datensicherung |<\/span><\/p>\n<p style=\"text-align: right;\"><span style=\"color: #999999;\">DS-GVO |<\/span><\/p>\n<p style=\"text-align: right;\"><span style=\"color: #999999;\">e-payment |<\/span><\/p>\n<p style=\"text-align: right;\"><span style=\"color: #999999;\">Fernwartung |<\/span><\/p>\n<p style=\"text-align: right;\"><a href=\"https:\/\/www.batchlab.de\/?page_id=1747\"><span style=\"color: #999999;\"><strong><span style=\"color: #80b61a;\">MDR |<\/span><\/strong><\/span><\/a><\/p>\n<p style=\"text-align: right;\"><span style=\"color: #999999;\">SSL Highspeed |<\/span><\/p>\n<p style=\"text-align: right;\"><span style=\"color: #999999;\">surveillance |<\/span><\/p>\n<p style=\"text-align: right;\"><span style=\"color: #999999;\">TSE \/ GoBD |<\/span><\/p>\n<p style=\"text-align: right;\"><span style=\"color: #800000;\">erweiterte Gesch\u00e4ftsbedingungen zum Thema Infektionsschutz |<\/span><\/p>\n<p>[\/vc_column_text][\/vc_column][vc_column width=&#8221;5\/12&#8243; css=&#8221;.vc_custom_1625410395988{padding-right: 50px !important;padding-left: 50px !important;}&#8221;][vc_column_text]<b>\u00a7E1 Laufzeiten<\/b><\/p>\n<p>Die folgenden Produkte beinhalten folgende Vertragslaufzeiten:<\/p>\n<ul>\n<li>Starter-Paket: keine Laufzeiten<\/li>\n<li>Pro-Business Paket: keine Laufzeiten<\/li>\n<li>Premium-L\u00f6sung: keine Laufzeiten<\/li>\n<li>MDR Trainer-Paket: keine Laufzeiten<\/li>\n<li>Jahresupport: 12 Monate Laufzeit, K\u00fcndigungsfrist betr\u00e4gt 2 Monate vor Ende der Vertragslaufzeit. K\u00fcndigung muss schriftlich per Post oder per Mail (unter Angabe der Kundennummer sowie was genau gek\u00fcndigt werden soll) erfolgen.<\/li>\n<\/ul>\n<p>&nbsp;<\/p>\n<p><b>\u00a7E2 Garantie<\/b><\/p>\n<p>Die Garantie wird auf ein Jahr begrenzt (B2B). Die Akku&#8217;s haben eine Garantiezeit von 6 Monaten. Die Gew\u00e4hrleistungsfrist bleibt hiervon unber\u00fchrt und betr\u00e4gt 2 Jahre.<\/p>\n<p>&nbsp;<\/p>\n<p><b>\u00a7E3 Garantie-Erweiterung<\/b><\/p>\n<p>Die Inanspruchnahme des Jahressupport auch im Folgejahr erweitert die einj\u00e4hrige Garantie um ein weiteres Jahr.<\/p>\n<p>Die Inanspruchnahme des Jahressupport-Plus verl\u00e4ngert die Garantie auf unbestimmte Zeit (Mutwillige oder unfreiwillig herbeigef\u00fchrte Besch\u00e4digungen am Handscanner sind grunds\u00e4tzlich ausgeschlossen). Sp\u00e4testens bei einer K\u00fcndigung endet die Garantie zum Ende der Vertragslaufzeit.<\/p>\n<p>&nbsp;<\/p>\n<p><b>\u00a7E4 R\u00fcckgabe \/ Widerruf<br \/>\n<\/b><\/p>\n<p>Die R\u00fcckggabe bzw. der Widerruf eines Kaufvertrages ist aus mehreren Gr\u00fcnden nicht m\u00f6glich:<\/p>\n<p>a)<br \/>\nEs liegt ein Rechtsgesch\u00e4ft zwischen zwei Unternehmern vor. Daher haben gewerbliche Kunden weder ein <em>Widerrufs<\/em>-, noch ein R\u00fcckgaberecht und m\u00fcssen dar\u00fcber auch folglich nicht informiert werden. Der im Gesetz verankerte Verbraucherschutz gilt hier nicht.<\/p>\n<p>b)<br \/>\nEinige Teile der Bestellung werden auf den K\u00e4ufer individuell personalisert.<\/p>\n<p>&nbsp;<\/p>\n<p><b>\u00a7E5 Versand &amp; Haftung<br \/>\n<\/b><\/p>\n<p>Gem\u00e4\u00df BGB \u00a7G447 geht die Gefahren auf den K\u00e4ufer \u00fcber, sobald der Verk\u00e4ufer die Sache dem Spediteur, dem Frachtf\u00fchrer oder der sonst zur Ausf\u00fchrung der Versendung bestimmten Person oder Anstalt ausgeliefert hat. Kontaktieren Sie uns in diesem Fall umgehend, damit wir Ihren Fall priorisiert bearbeiten k\u00f6nnen.<\/p>\n<p>[\/vc_column_text][\/vc_column][vc_column width=&#8221;1\/6&#8243;][\/vc_column][\/vc_row]<\/p>\n","protected":false},"excerpt":{"rendered":"<p>[vc_row][vc_column width=&#8221;1\/12&#8243;][\/vc_column][vc_column width=&#8221;1\/4&#8243;][vc_column_text] Allgemeine Gesch\u00e4ftsbedingungen | Antivirus | Datensicherung | DS-GVO | e-payment | Fernwartung | MDR | SSL Highspeed | surveillance | TSE \/ GoBD | erweiterte Gesch\u00e4ftsbedingungen zum Thema Infektionsschutz | [\/vc_column_text][\/vc_column][vc_column width=&#8221;5\/12&#8243; css=&#8221;.vc_custom_1625410395988{padding-right: 50px !important;padding-left: 50px !important;}&#8221;][vc_column_text]\u00a7E1 Laufzeiten Die folgenden Produkte beinhalten folgende Vertragslaufzeiten: Starter-Paket: keine Laufzeiten Pro-Business Paket: keine Laufzeiten Premium-L\u00f6sung: [&hellip;]<\/p>\n","protected":false},"author":1,"featured_media":0,"parent":0,"menu_order":0,"comment_status":"closed","ping_status":"closed","template":"template-builder.php","meta":{"footnotes":""},"class_list":["post-1747","page","type-page","status-publish","hentry"],"_links":{"self":[{"href":"https:\/\/www.batchlab.de\/index.php?rest_route=\/wp\/v2\/pages\/1747","targetHints":{"allow":["GET"]}}],"collection":[{"href":"https:\/\/www.batchlab.de\/index.php?rest_route=\/wp\/v2\/pages"}],"about":[{"href":"https:\/\/www.batchlab.de\/index.php?rest_route=\/wp\/v2\/types\/page"}],"author":[{"embeddable":true,"href":"https:\/\/www.batchlab.de\/index.php?rest_route=\/wp\/v2\/users\/1"}],"replies":[{"embeddable":true,"href":"https:\/\/www.batchlab.de\/index.php?rest_route=%2Fwp%2Fv2%2Fcomments&post=1747"}],"version-history":[{"count":8,"href":"https:\/\/www.batchlab.de\/index.php?rest_route=\/wp\/v2\/pages\/1747\/revisions"}],"predecessor-version":[{"id":1761,"href":"https:\/\/www.batchlab.de\/index.php?rest_route=\/wp\/v2\/pages\/1747\/revisions\/1761"}],"wp:attachment":[{"href":"https:\/\/www.batchlab.de\/index.php?rest_route=%2Fwp%2Fv2%2Fmedia&parent=1747"}],"curies":[{"name":"wp","href":"https:\/\/api.w.org\/{rel}","templated":true}]}}