{"id":1634,"date":"2021-06-27T15:34:56","date_gmt":"2021-06-27T15:34:56","guid":{"rendered":"https:\/\/www.batchlab.de\/?page_id=1634"},"modified":"2021-06-27T15:45:37","modified_gmt":"2021-06-27T15:45:37","slug":"highspeed-internet","status":"publish","type":"page","link":"https:\/\/www.batchlab.de\/?page_id=1634","title":{"rendered":"Highspeed Internet"},"content":{"rendered":"<p>[vc_row full_width=&#8221;stretch_row_content_no_spaces&#8221;][vc_column][singarasection css=&#8221;.vc_custom_1526464007297{padding-top: 95px !important;padding-bottom: 40px !important;}&#8221;][vc_row_inner][vc_column_inner width=&#8221;1\/2&#8243; css=&#8221;.vc_custom_1526463990871{padding-right: 15px !important;padding-bottom: 50px !important;padding-left: 15px !important;}&#8221;][vc_column_text]<strong>&#8230; und das mit bis zu 10.000 MBit!<\/strong><\/p>\n<p>&nbsp;<\/p>\n<p>Als registrierter Gesch\u00e4ftskunden-Vertriebspartner von Vodafone (ehemals Unitymedia) bieten wir unseren Kunden Highspeed Internet- und Telefonanschl\u00fcsse \u00fcber das digitale Kabelnetz an.<\/p>\n<p>Und das in der Regel innerhalb von 3 Werktagen bei Anschl\u00fcssen von bis zu 1.000 MBit!<\/p>\n<p>Alle Betriebe arbeiten nachweislich effizienter, sobald die Infrastruktur auf &#8220;Highspeed&#8221; umgestellt ist. Selbst Datensicherungen oder -transfers werden schneller umgesetzt und erspart Ihnen nachweislich Nebenkosten. Ein Umstieg lohnt sich allein, um monatliche Betriebskosten wie Strom oder Erhalt des Warenwertes.<\/p>\n<p><span style=\"color: #c00000;\">Unsere Gesch\u00e4ftskunden profitieren bei einer Anschlussrealisierung <strong>ohne Mehrkosten<\/strong> von folgenden Dienstleistungen:<\/span><\/p>\n<ul>\n<li>Erstinstallation als auch -konfiguration der Fritzbox Cable 6591 bzw. Fritzbox DSL 7490<\/li>\n<li>Konfiguration \/ Anbindung aller Telefonate inklusive Rufnummerzuweisung, wann welcher Apparat klingeln soll<\/li>\n<li>Vollst\u00e4ndige WLAN Einrichtung inklusive Netzausrichtung<\/li>\n<li>Gemeinsame Einrichtung der Fritz!Fon App f\u00fcr Ihr Smartphone bzw. Tablet<\/li>\n<li>Wir fungieren als direkter Ansprechpartner: Sie rufen uns an bzw. senden uns eine SMS &#8211; wir k\u00fcmmern uns um ALLES &#8211; bis der Anschluss wieder so funktioniert, wie es hinterlassen worden ist. Kostenfrei!<\/li>\n<\/ul>\n<p>[\/vc_column_text][\/vc_column_inner][vc_column_inner width=&#8221;1\/2&#8243; css=&#8221;.vc_custom_1526463998674{padding-right: 15px !important;padding-bottom: 60px !important;padding-left: 15px !important;}&#8221;][singarasingleimg style=&#8221;border&#8221; img=&#8221;1635&#8243; animation=&#8221;fadeInUp&#8221;][\/vc_column_inner][\/vc_row_inner][\/singarasection][\/vc_column][\/vc_row]<\/p>\n","protected":false},"excerpt":{"rendered":"<p>[vc_row full_width=&#8221;stretch_row_content_no_spaces&#8221;][vc_column][singarasection css=&#8221;.vc_custom_1526464007297{padding-top: 95px !important;padding-bottom: 40px !important;}&#8221;][vc_row_inner][vc_column_inner width=&#8221;1\/2&#8243; css=&#8221;.vc_custom_1526463990871{padding-right: 15px !important;padding-bottom: 50px !important;padding-left: 15px !important;}&#8221;][vc_column_text]&#8230; und das mit bis zu 10.000 MBit! &nbsp; Als registrierter Gesch\u00e4ftskunden-Vertriebspartner von Vodafone (ehemals Unitymedia) bieten wir unseren Kunden Highspeed Internet- und Telefonanschl\u00fcsse \u00fcber das digitale Kabelnetz an. Und das in der Regel innerhalb von 3 Werktagen bei Anschl\u00fcssen von [&hellip;]<\/p>\n","protected":false},"author":1,"featured_media":0,"parent":0,"menu_order":0,"comment_status":"closed","ping_status":"closed","template":"template-builder.php","meta":{"footnotes":""},"class_list":["post-1634","page","type-page","status-publish","hentry"],"_links":{"self":[{"href":"https:\/\/www.batchlab.de\/index.php?rest_route=\/wp\/v2\/pages\/1634","targetHints":{"allow":["GET"]}}],"collection":[{"href":"https:\/\/www.batchlab.de\/index.php?rest_route=\/wp\/v2\/pages"}],"about":[{"href":"https:\/\/www.batchlab.de\/index.php?rest_route=\/wp\/v2\/types\/page"}],"author":[{"embeddable":true,"href":"https:\/\/www.batchlab.de\/index.php?rest_route=\/wp\/v2\/users\/1"}],"replies":[{"embeddable":true,"href":"https:\/\/www.batchlab.de\/index.php?rest_route=%2Fwp%2Fv2%2Fcomments&post=1634"}],"version-history":[{"count":2,"href":"https:\/\/www.batchlab.de\/index.php?rest_route=\/wp\/v2\/pages\/1634\/revisions"}],"predecessor-version":[{"id":1646,"href":"https:\/\/www.batchlab.de\/index.php?rest_route=\/wp\/v2\/pages\/1634\/revisions\/1646"}],"wp:attachment":[{"href":"https:\/\/www.batchlab.de\/index.php?rest_route=%2Fwp%2Fv2%2Fmedia&parent=1634"}],"curies":[{"name":"wp","href":"https:\/\/api.w.org\/{rel}","templated":true}]}}