{"id":1593,"date":"2021-06-21T10:21:23","date_gmt":"2021-06-21T10:21:23","guid":{"rendered":"https:\/\/www.batchlab.de\/?page_id=1593"},"modified":"2021-06-21T11:58:28","modified_gmt":"2021-06-21T11:58:28","slug":"referenzen","status":"publish","type":"page","link":"https:\/\/www.batchlab.de\/?page_id=1593","title":{"rendered":"Referenzen"},"content":{"rendered":"<p>[vc_row full_width=&#8221;stretch_row_content_no_spaces&#8221;][vc_column][singarasection css=&#8221;.vc_custom_1526464007297{padding-top: 95px !important;padding-bottom: 40px !important;}&#8221;][vc_row_inner][vc_column_inner width=&#8221;1\/2&#8243; css=&#8221;.vc_custom_1526463990871{padding-right: 15px !important;padding-bottom: 50px !important;padding-left: 15px !important;}&#8221;][vc_column_text]In den nachfolgend aufgelisteten Branchen haben wir unter anderem \u00fcberwiegend Dienstleistungen in den folgenden Bereichen verichtet:<\/p>\n<ul>\n<li>Infrastrukturelle L\u00f6sungen (Highspeed Internet)<\/li>\n<li>Shop L\u00f6sungen<\/li>\n<li>Indivduelle Software Entwicklung<\/li>\n<li>Digitale &amp; Printl\u00f6sungen (von der Visitenkarten, \u00fcber den Flyer bis hin zur Unternehmenswebseite)<\/li>\n<li>Registrierkassenl\u00f6sungen<\/li>\n<li>Audio, Bild &amp; Video Editing<\/li>\n<\/ul>\n<p>[\/vc_column_text][vc_separator el_width=&#8221;50&#8243;][vc_column_text]Branchen<\/p>\n<p>&nbsp;<\/p>\n<p><strong>Auto<\/strong><\/p>\n<ul>\n<li>Fahrzeugaufbereitung<\/li>\n<\/ul>\n<p><strong><br \/>\nBeauty<\/strong><\/p>\n<ul>\n<li>Beauty, Wellness, Kosmetik<\/li>\n<\/ul>\n<p><strong><br \/>\nEinzelhandel<\/strong><\/p>\n<ul>\n<li>Blumenfachgesch\u00e4fte<\/li>\n<li>Fachgesch\u00e4ft f\u00fcr christliche Utensilien<\/li>\n<li>Fachgesch&amp;auml;ft f&amp;uuml;r Fitness Ern&amp;auml;hrung<\/li>\n<li>Bekleidungsfachgesch&amp;auml;ft<\/li>\n<li>Sportbekleidungsfachgesch&amp;auml;ft<\/li>\n<li>Im-\/Export f\u00fcr Textillien<\/li>\n<li>Friseure<\/li>\n<\/ul>\n<p><strong>Wirtschaft \/ Steuerwesen \/ Recht<\/strong><\/p>\n<ul>\n<li>Buchhaltungsb&amp;uuml;ro<\/li>\n<li>Steuerkanzlei<\/li>\n<li>Rechtsanw\u00e4lte<\/li>\n<\/ul>\n<p><strong>Hersteller \/ Produzenten<\/strong><\/p>\n<ul>\n<li>Hersteller f\u00fcr Musikinstrumente<\/li>\n<li>Swimmingpools &amp; Sonnenschutz<\/li>\n<\/ul>\n<p><strong>Gastronomie<\/strong><\/p>\n<ul>\n<li>Caf\u00e9<\/li>\n<li>Pizzeria<\/li>\n<li>Restaurant<\/li>\n<\/ul>\n<p><strong>Flug &amp; Reisen<\/strong><\/p>\n<ul>\n<li>Reiseb\u00fcros<\/li>\n<li>Ticketagenturen<\/li>\n<\/ul>\n<p><strong>Handwerk<\/strong><\/p>\n<ul>\n<li>Fliesen- und Mosaiklegemeister<\/li>\n<li>Goldschmied \/ Pfandleihh\u00e4user<\/li>\n<\/ul>\n<p><strong>Mittelalter \/ Fantasy<\/strong><\/p>\n<ul>\n<li>Live Rollenspiel Veranstaltungen<\/li>\n<li>Mittelalterband<\/li>\n<li>Handel f\u00fcr Reenactment<\/li>\n<\/ul>\n<p><strong>Dienstleister<\/strong><\/p>\n<ul>\n<li>Immobilienverwalter<\/li>\n<li>Hausverwaltungen<\/li>\n<li>Geb&amp;auuml;demanagement<\/li>\n<li>Geb\u00e4udereinigung<\/li>\n<li>Messe \/ Veranstaltungen<\/li>\n<li>Musikschule<\/li>\n<\/ul>\n<p><strong>\u00d6ffentliche Einrichtungen<\/strong><\/p>\n<ul>\n<li>Jugendfreizeiteinrichtungen<\/li>\n<li>Grundschulen<\/li>\n<\/ul>\n<p><strong>Medizin &amp; Gesundheit<\/strong><\/p>\n<ul>\n<li>Zahnarztpraxen<\/li>\n<li>Zahntechniker<\/li>\n<li>Kinder\u00e4rzte<\/li>\n<li>Physiotherapie<\/li>\n<li>Sch\u00f6nheitschirurgie<\/li>\n<\/ul>\n<p><strong>Cargo &amp; Bau<\/strong><\/p>\n<ul>\n<li>LKW Frachten \/ Transport Unternehmen<\/li>\n<li>Bau-Maschinenfahrzeuge<\/li>\n<\/ul>\n<p>[\/vc_column_text][\/vc_column_inner][vc_column_inner width=&#8221;1\/2&#8243; css=&#8221;.vc_custom_1526463998674{padding-right: 15px !important;padding-bottom: 60px !important;padding-left: 15px !important;}&#8221;][singarasingleimg style=&#8221;border&#8221; img=&#8221;1594&#8243; animation=&#8221;fadeInUp&#8221;][\/vc_column_inner][\/vc_row_inner][\/singarasection][\/vc_column][\/vc_row]<\/p>\n","protected":false},"excerpt":{"rendered":"<p>[vc_row full_width=&#8221;stretch_row_content_no_spaces&#8221;][vc_column][singarasection css=&#8221;.vc_custom_1526464007297{padding-top: 95px !important;padding-bottom: 40px !important;}&#8221;][vc_row_inner][vc_column_inner width=&#8221;1\/2&#8243; css=&#8221;.vc_custom_1526463990871{padding-right: 15px !important;padding-bottom: 50px !important;padding-left: 15px !important;}&#8221;][vc_column_text]In den nachfolgend aufgelisteten Branchen haben wir unter anderem \u00fcberwiegend Dienstleistungen in den folgenden Bereichen verichtet: Infrastrukturelle L\u00f6sungen (Highspeed Internet) Shop L\u00f6sungen Indivduelle Software Entwicklung Digitale &amp; Printl\u00f6sungen (von der Visitenkarten, \u00fcber den Flyer bis hin zur Unternehmenswebseite) Registrierkassenl\u00f6sungen Audio, Bild [&hellip;]<\/p>\n","protected":false},"author":1,"featured_media":0,"parent":0,"menu_order":0,"comment_status":"closed","ping_status":"closed","template":"template-builder.php","meta":{"footnotes":""},"class_list":["post-1593","page","type-page","status-publish","hentry"],"_links":{"self":[{"href":"https:\/\/www.batchlab.de\/index.php?rest_route=\/wp\/v2\/pages\/1593","targetHints":{"allow":["GET"]}}],"collection":[{"href":"https:\/\/www.batchlab.de\/index.php?rest_route=\/wp\/v2\/pages"}],"about":[{"href":"https:\/\/www.batchlab.de\/index.php?rest_route=\/wp\/v2\/types\/page"}],"author":[{"embeddable":true,"href":"https:\/\/www.batchlab.de\/index.php?rest_route=\/wp\/v2\/users\/1"}],"replies":[{"embeddable":true,"href":"https:\/\/www.batchlab.de\/index.php?rest_route=%2Fwp%2Fv2%2Fcomments&post=1593"}],"version-history":[{"count":9,"href":"https:\/\/www.batchlab.de\/index.php?rest_route=\/wp\/v2\/pages\/1593\/revisions"}],"predecessor-version":[{"id":1606,"href":"https:\/\/www.batchlab.de\/index.php?rest_route=\/wp\/v2\/pages\/1593\/revisions\/1606"}],"wp:attachment":[{"href":"https:\/\/www.batchlab.de\/index.php?rest_route=%2Fwp%2Fv2%2Fmedia&parent=1593"}],"curies":[{"name":"wp","href":"https:\/\/api.w.org\/{rel}","templated":true}]}}